 what is 1301101101 - -4?
1301101110
In base 12, what is 82 + 18022?
180a4
In base 12, what is -4 - 9abb?
-9b03
In base 10, what is -926 - -6?
-920
In base 4, what is 0 + 1311122011?
1311122011
In base 10, what is -4 - -50040?
50036
In base 2, what is -10010000000101010 + -11?
-10010000000101101
In base 9, what is 1 - -2222?
2223
In base 12, what is 2 - 14271?
-1426b
In base 11, what is -1797 + -1674?
-3360
In base 2, what is 11111011100 + -11010?
11111000010
In base 16, what is 3 + -38af?
-38ac
In base 2, what is 1 + 1101011011111001010?
1101011011111001011
In base 14, what is -b3a - -68?
-ab2
In base 13, what is -1041 - 29?
-106a
In base 2, what is 1 + 1100010001001?
1100010001010
In base 16, what is 3 + 69f4?
69f7
In base 10, what is -597095 - 4?
-597099
In base 3, what is -10 - -111002222?
111002212
In base 12, what is -2 + 1928?
1926
In base 3, what is 112100112 + -10?
112100102
In base 7, what is 106462 + -4?
106455
In base 8, what is 46 - -612?
660
In base 15, what is -2e7 - 164?
-45b
In base 16, what is 179f8 - -16?
17a0e
In base 11, what is -1 - 12969?
-1296a
In base 3, what is -112201021 - 2011?
-112210102
In base 4, what is 21120300 - 1?
21120233
In base 4, what is -1231032000 + 11?
-1231031323
In base 16, what is 3f + -11d44?
-11d05
In base 2, what is 11100100 + -101010?
10111010
In base 2, what is -1101010001001 + 1010010?
-1101000110111
In base 3, what is -1021211212 + -22?
-1021212011
In base 10, what is 447 - -330?
777
In base 3, what is 100110112 - -12?
100110201
In base 11, what is 377a6 + 3?
377a9
In base 2, what is 100010101000 - -1001?
100010110001
In base 10, what is 754 - 29?
725
In base 15, what is 0 + -22c99?
-22c99
In base 9, what is -32471 - 1?
-32472
In base 6, what is 5 + 1134003?
1134012
In base 6, what is -5 + -10124445?
-10124454
In base 12, what is -4a412 + -6?
-4a418
In base 11, what is -906 + -806?
-1611
In base 9, what is 3 - 3664?
-3661
In base 8, what is 36473 + 21?
36514
In base 4, what is -120311 + -130?
-121101
In base 8, what is -3416 - -112?
-3304
In base 2, what is 11 - -1101100111001011101?
1101100111001100000
In base 16, what is 7dd - 7?
7d6
In base 13, what is -a26c + 4?
-a268
In base 10, what is 934459 + -4?
934455
In base 12, what is 2 - 3461?
-345b
In base 8, what is -150 + 155?
5
In base 16, what is 6 + -602?
-5fc
In base 2, what is -1001 - -1000011000010100?
1000011000001011
In base 14, what is -85cb - 3?
-85d0
In base 15, what is -5 - 4369?
-436e
In base 15, what is 25623 - -5?
25628
In base 8, what is 20 - 33524?
-33504
In base 11, what is -31 + 4841?
4810
In base 7, what is -501613 + 14?
-501566
In base 10, what is -77 - -34?
-43
In base 7, what is -231 + 4442?
4211
In base 2, what is 11000100101010000010111 - 10?
11000100101010000010101
In base 7, what is 10434 - 1021?
6413
In base 6, what is -2 - -13012021?
13012015
In base 5, what is 1403 + 204330?
211233
In base 9, what is -53375 - 4?
-53380
In base 11, what is 308926 + -2?
308924
In base 6, what is 31 - 10230?
-10155
In base 5, what is 244 - 10244?
-10000
In base 16, what is 5 + 2a62?
2a67
In base 4, what is -3 - -13320020?
13320011
In base 6, what is 14 - 13435?
-13421
In base 11, what is 6047 - 464?
5693
In base 7, what is -13553 + 536?
-13014
In base 13, what is -65b8 - 40?
-6628
In base 7, what is -15 + 15346?
15331
In base 8, what is -1176550 - 4?
-1176554
In base 3, what is 1020 + -1010110121?
-1010102101
In base 6, what is 111 - 1501335?
-1501224
In base 16, what is 3 + -1c51?
-1c4e
In base 4, what is -120 - -30010?
23230
In base 2, what is 1111110110100 + -110?
1111110101110
In base 5, what is -11410 - 2334?
-14244
In base 6, what is 23503 + -51?
23412
In base 4, what is 22211 - 3130?
13021
In base 5, what is 230 - -3040?
3320
In base 12, what is -4a15b3 - 5?
-4a15b8
In base 6, what is -120 - 5000?
-5120
In base 10, what is -40601 - 5?
-40606
In base 7, what is 21 - 104460?
-104436
In base 5, what is 124313 + -312?
124001
In base 10, what is -6 - -5564?
5558
In base 7, what is 521430 - 2?
521425
In base 7, what is 120626 + 0?
120626
In base 16, what is 7 + -3192?
-318b
In base 16, what is -4 + 3c05?
3c01
In base 3, what is 0 - 211022012?
-211022012
In base 9, what is 1640 - 132?
1507
In base 14, what is 2 - 3046?
-3044
In base 15, what is e - 22a5?
-2296
In base 16, what is 1e8a3 - -9?
1e8ac
In base 12, what is -1 - -73577?
73576
In base 3, what is 12201101 + -12?
12201012
In base 16, what is -3418 - 7?
-341f
In base 12, what is 2a + 36b?
399
In base 4, what is -2013220 + 1?
-2013213
In base 9, what is 208861 - 0?
208861
In base 13, what is 4 - 23098?
-23094
In base 4, what is 103220 - 30?
103130
In base 11, what is 33 + a25?
a58
In base 16, what is -64 + 2433?
23cf
In base 5, what is 2 - 14142334?
-14142332
In base 8, what is 3 - -1513525?
1513530
In base 2, what is 10 + 101010101011000?
101010101011010
In base 6, what is -112112 - 22?
-112134
In base 10, what is -2 + 123385?
123383
In base 12, what is 797768 + -3?
797765
In base 16, what is -3db1 + -4b?
-3dfc
In base 7, what is 11 - -24041?
24052
In base 5, what is 2 - 332121?
-332114
In base 11, what is 2 - -90a2?
90a4
In base 12, what is -26380 + 0?
-26380
In base 5, what is 2020034 - -13?
2020102
In base 8, what is -542 - 2005?
-2547
In base 7, what is -161 + -554?
-1045
In base 6, what is 12301 + 50?
12351
In base 4, what is -22 - -33323?
33301
In base 4, what is 2 + 10032011?
10032013
In base 6, what is 54 - -25435?
25533
In base 10, what is -5 - 3618?
-3623
In base 8, what is 5 + -215461?
-215454
In base 14, what is -37a8 + -13b?
-3905
In base 15, what is 6 - b26?
-b20
In base 6, what is -2 - -15230?
15224
In base 4, what is 11 + -100013003?
-100012332
In base 7, what is 1101603 - 2?
1101601
In base 2, what is 111001101 + -100111011?
10010010
In base 2, what is -11110110 - 1011110000?
-1111100110
In base 7, what is 3 - 4442432?
-4442426
In base 11, what is -8a18 - 8?
-8a25
In base 13, what is -2999 - -7?
-2992
In base 13, what is -581b25 - 3?
-581b28
In base 10, what is -4758 + 5?
-4753
In base 7, what is -13 + -245552?
-245565
In base 15, what is 145 + -11b2?
-106c
In base 16, what is -2 + -4437?
-4439
In base 10, what is -9 + 5367?
5358
In base 3, what is 2 - 101120102?
-101120100
In base 7, what is -1 - 116261?
-116262
In base 9, what is 4 - -435865?
435870
In base 10, what is 8 + 247099?
247107
In base 3, what is 202210 - -1?
202211
In base 7, what is -2511 + 106?
-2402
In base 12, what is -91 + -344?
-415
In base 14, what is -b + -89975?
-89982
In base 13, what is 29 - 1590?
-1564
In base 6, what is 1320 + 215?
1535
In base 13, what is c5cb - -10?
c60b
In base 9, what is -1545 - 447?
-2103
In base 15, what is -86 + 17?
-6e
In base 12, what is 16abb + -14?
16aa7
In base 2, what is -100001 - 10100011110?
-10100111111
In base 7, what is 1 - 303565?
-303564
In base 12, what is 18a2 - 17?
1887
In base 3, what is 2 + -2020111102?
-2020111100
In base 5, what is -4 - 402134?
-402143
In base 9, what is -10383 - 3?
-10386
In base 7, what is 0 + -2420?
-2420
In base 7, what is -1640 - 131?
-2101
In base 7, what is 365211 + 5?
365216
In base 7, what is 4 - 513644?
-513640
In base 5, what is 442 - -1303?
2300
In base 11, what is -883 + 6a?
-814
In base 14, what is 1d + -292?
-273
In base 3, what is -21 + 12122110?
12122012
In base 3, what is 112200020 + -10211?
112112102
In base 4, what is 1032 - 22100?
-21002
In base 15, what is 17 + -d6?
-be
In base 2, what is -111111000001 + -1101?
-111111001110
In base 16, what is -33db - -2d?
-33ae
In base 11, what is -1947 + 18?
-192a
In base 15, what is -28 + -6a2c?
-6a55
In base 16, what is 4 - -c4c3?
c4c7
In base 13, what is ba027 - 2?
ba025
In base 9, what is 3272578 - -2?
3272581
In base 5, what is -322141 - 214?
-322410
In base 15, what is -1268 + 2?
-1266
In base 12, what is -1589173 - -5?
-158916a
In base 11, what is -2 - -3469a?
34698
In base 6, what is -151555 + -2?
-152001
In base 2, what is -111111010 + -101001110110?
-110001110000
In base 8, what is 520663 - 1?
520662
In base 14, what is 19d29d + 3?
19d2a2
In base 3, what is -12 + -1221211111212?
-1221211112001
In base 15, what is -21d + 121?
-ec
In base 2, what is 11 - -10010011000111101?
10010011001000000
In base 15, what is 5c - -370?
3cc
In base 10, what is -3292 - 